x(-3).
-190
Let r(a) = -48*a + 933. Determine r(19).
21
Let f(j) = -j**2 - 6*j - 10. Give f(-5).
-5
Let v(o) = 4*o**2 + 36*o + 20. Determine v(-4).
-60
Let s(w) = w**2 - 164*w + 1824. Determine s(152).
0
Let p(f) = -129*f**2 + 61*f - 1. Give p(1).
-69
Let o(l) = -15*l**3 + 8*l**2 + 21*l - 104. Determine o(3).
-374
Let s(z) = z - 9. What is s(0)?
-9
Let b(o) = -546*o + 7636. Give b(14).
-8
Let u(s) = 7*s**2 + 3670*s - 7341. What is u(2)?
27
Let c(i) = i**2 - 28*i + 230. What is c(14)?
34
Let d(m) = -38*m**2 + 14*m + 41. Give d(-3).
-343
Let o(l) = l**2 + 72*l + 37. Calculate o(-76).
341
Let c(r) = -3*r**2 + 11*r - 9. Calculate c(7).
-79
Let l(j) = -j**2 - 166*j + 874. Determine l(5).
19
Let q(m) = -49*m - 1992. Calculate q(-40).
-32
Let t(q) = q**2 - 87*q + 1187. Calculate t(16).
51
Let t(s) = 20*s**2 - 27*s + 130. Give t(4).
342
Let d(b) = -b**3 - 8*b**2 - 28*b - 175. Give d(-8).
49
Let c(n) = 2*n**3 + 109*n**2 - 21*n + 1838. Determine c(-55).
-32
Let a(f) = f**2 + 11*f + 94. What is a(-9)?
76
Let d(y) = y**2 - 72*y + 1355. Calculate d(30).
95
Let q(d) = -4*d**3 - 14*d**2 - 9*d. Calculate q(-3).
9
Let r(x) = 4*x - 102. Give r(0).
-102
Let x(f) = 2140*f - 29978. Give x(14).
-18
Let o(g) = -48*g + 1833. Give o(39).
-39
Let u(d) = 112*d + 217. Determine u(-2).
-7
Let o(t) = -2*t**2 - 4*t + 46. Determine o(-6).
-2
Let z(d) = 91*d**2 - 10094*d - 766. Give z(111).
11
Let y(a) = 2*a**3 + 546*a**2 - a - 233. Calculate y(-273).
40
Let k(n) = 3*n**2 + 13*n + 44. What is k(-4)?
40
Let m(g) = -g**2 + 47*g - 36. Give m(46).
10
Let o(d) = 10*d + 176. What is o(-7)?
106
Let y(x) = -24*x - 1177. What is y(-50)?
23
Let m(q) = 22*q - 241. What is m(-10)?
-461
Let r(v) = -v**2 - 293*v + 11112. Calculate r(34).
-6
Let y(h) = -h**2 + 11*h + 70. What is y(15)?
10
Let x(k) = -k**3 + 9*k**2 - 11*k - 4. Determine x(3).
17
Let p(g) = -g**3 - 29*g**2 + 1202*g + 314. Calculate p(-52).
2
Let o(y) = y**3 + 7*y**2 - 22*y - 77. Determine o(-8).
35
Let s(r) = r**3 + 8*r**2 + 14*r + 20. What is s(-6)?
8
Let s(b) = 173*b - 22134. Give s(128).
10
Let t(d) = 992*d + 11904. Calculate t(-12).
0
Let s(a) = -46*a**2 + 324*a + 1. Determine s(7).
15
Let x(z) = 111*z**3 + 1324*z**2 - 91*z + 54. What is x(-12)?
-6
Let s(d) = 3151*d - 12551. Calculate s(4).
53
Let c(s) = -277*s - 68. Determine c(-2).
486
Let v(p) = 16*p + 19. Calculate v(4).
83
Let w(n) = -3*n**2 - 35*n + 68. Determine w(-14).
-30
Let z(j) = 19*j - 1242. Calculate z(65).
-7
Let p(m) = -m**2 + 4*m + 39. Calculate p(-16).
-281
Let r(s) = -s**3 + 39*s**2 - 100*s - 243. Determine r(36).
45
Let l(i) = 57*i - 3315. Give l(56).
-123
Let b(c) = c**2 - 19*c + 43. Calculate b(21).
85
Let a(t) = t**3 - 25*t**2 + 67*t - 7. Calculate a(22).
15
Let q(u) = -14*u**3 - 67*u - 67. Give q(-1).
14
Let a(q) = -2*q**2 - 608*q - 1809. Give a(-3).
-3
Let g(l) = 1067*l + 9497. Give g(-9).
-106
Let f(a) = 4*a**3 - 15*a**2 + 2*a + 6. What is f(3)?
-15
Let d(y) = -y**3 + 34*y**2 + 102*y + 328. Determine d(37).
-5
Let u(m) = -98*m - 313. What is u(-2)?
-117
Let r(d) = -d**3 - 8*d**2 + 1188*d + 5941. Calculate r(-5).
-74
Let w(k) = -k**3 + 4*k**2 + k + 10. Determine w(6).
-56
Let g(p) = p**3 + 12*p**2 + 26*p - 22. Calculate g(-9).
-13
Let j(y) = 1183*y - 15383. Give j(13).
-4
Let s(y) = y**2 - 22*y - 366. Give s(33).
-3
Let v(m) = -2*m**2 - 519*m + 4279. What is v(8)?
-1
Let r(m) = 91*m - 473. What is r(5)?
-18
Let h(y) = -14*y - 1299. Determine h(-80).
-179
Let z(s) = -55*s - 1258. What is z(-23)?
7
Let p(l) = l**3 + 54*l**2 + 204*l + 8. Give p(-4).
-8
Let d(r) = -r**3 + 34*r**2 - 148*r + 840. Give d(30).
0
Let p(k) = 8*k**2 - 166*k - 49. Give p(21).
-7
Let h(x) = 4*x**2 - 82*x + 4. Calculate h(20).
-36
Let w(s) = s**3 - s**2 - s - 7. What is w(-3)?
-40
Let g(k) = 2*k**2 + 1585*k + 110178. Determine g(-77).
-9
Let s(y) = -y**2 + 10*y - 82. Calculate s(7).
-61
Let n(c) = c**3 + c**2 - 2*c - 29. Determine n(0).
-29
Let v(g) = -6*g - 475. What is v(-41)?
-229
Let t(f) = -4*f**2 + 524*f - 6133. Give t(118).
3
Let y(c) = -2*c**2 - 5*c - 8. Give y(-5).
-33
Let z(j) = 2*j - 4. Give z(19).
34
Let p(s) = -1072*s + 8573. Calculate p(8).
-3
Let l(s) = 90*s - 190. Calculate l(1).
-100
Let k(s) = -s**2 - 21*s - 145. Give k(-7).
-47
Let o(u) = 26*u + 762. Give o(0).
762
Let u(r) = -r**3 + 11*r**2 + 59*r + 44. What is u(16)?
-292
Let o(b) = -8*b**3 - 20*b**2 - 4*b - 42. Give o(-3).
6
Let a(d) = 2*d**2 + 10*d + 3. Determine a(-13).
211
Let m(l) = -15*l**2 - 1003*l - 25. What is m(-67)?
-159
Let c(u) = 2*u**3 - u**2 + 3*u + 5. Calculate c(4).
129
Let j(s) = -90*s**3 - s**2 - 2*s + 3. Calculate j(1).
-90
Let l(p) = p**2 + 3812*p - 7630. What is l(2)?
-2
Let n(r) = 278*r + 2. Determine n(1).
280
Let g(k) = k**3 + 6*k**2 - 15*k + 87. What is g(-10)?
-163
Let g(b) = 2*b**2 + 270*b - 4478. Calculate g(15).
22
Let u(w) = -143*w + 502. What is u(3)?
73
Let h(r) = -r**2 - 24*r - 103. Calculate h(-7).
16
Let x(f) = f**2 + 166*f + 6854. Calculate x(-89).
1
Let k(l) = 62*l + 662. What is k(-9)?
104
Let r(t) = 15*t**2 - 722*t + 1468. What is r(46)?
-4
Let s(i) = -i**2 - 28*i - 57. Calculate s(-16).
135
Let i(c) = 2*c**2 - 75*c - 63. Give i(38).
-25
Let j(y) = 2*y**2 + 71*y + 375. Determine j(-6).
21
Let q(o) = 88*o - 7301. Calculate q(83).
3
Let m(o) = -o**3 - 46*o**2 + 371*o - 43. Calculate m(-53).
-43
Let n(y) = 3*y + 61. Give n(17).
112
Let v(a) = a**3 + 22*a**2 + 87*a - 143. Give v(-16).
1
Let r(z) = 96*z - 2533. What is r(25)?
-133
Let a(o) = o**2 + 20*o - 3251. Determine a(48).
13
Let l(x) = -x + 25. Calculate l(27).
-2
Let l(k) = 186*k**2 + 9*k + 2. Determine l(-1).
179
Let w(m) = 275*m + 4683. What is w(-17)?
8
Let q(t) = -48*t**2 + 9502*t + 392. Determine q(198).
-4
Let u(b) = -b**2 - 52*b + 17. Give u(-53).
-36
Let m(w) = w**3 + 5*w**2 - 8*w + 22. Calculate m(-5).
62
Let q(h) = -4*h**2 - 45*h + 4943. Determine q(30).
-7
Let n(v) = 227*v + 1813. Determine n(-8).
-3
Let d(i) = i**2 + 6*i - 41. Calculate d(-13).
50
Let j(p) = -p**3 + 8*p**2 + 20*p - 43. Calculate j(-5).
182
Let j(l) = -2*l + 341. Calculate j(49).
243
Let u(g) = -2*g**2 - 83*g - 167. Determine u(-36).
229
Let f(w) = -65*w - 432. What is f(-7)?
23
Let q(o) = 15*o + 74. Determine q(5).
149
Let j(k) = k**2 - 66*k + 738. Determine j(14).
10
Let l(w) = -56*w + 2880. Determine l(51).
24
Let z(q) = -9*q**2 - 4*q - 6. What is z(-3)?
-75
Let q(w) = -17*w + 146. Determine q(7).
27
Let r(t) = -5*t**3 + 3*t**2 - 7*t - 21. Calculate r(-4).
375
Let f(k) = k**2 - 296*k - 78. Determine f(0).
-78
Let u(b) = -8*b**2 - 54*b + 55. What is u(1)?
-7
Let p(o) = -61*o**2 + 29*o + 54. Calculate p(-2).
-248
Let r(h) = 729*h - 202. What is r(1)?
527
Let n(h) = 7*h**2 - 6*h - 1. Give n(-5).
204
Let v(y) = 3*y**3 + 24*y**2 + 3*y + 37. Determine v(-8).
13
Let w(j) = -2*j**3 - 3*j**2 + 2*j - 213. Give w(0).
-213
Let o(a) = 8*a**3 + 1101*a**2 - 421*a - 960. Calculate o(-138).
6
Let y(o) = 120*o**3 + 23*o**2 + 57*o + 14. Give y(-2).
-968
Let v(f) = 2*f**2 + 10*f - 46. What is v(5)?
54
Let n(p) = -p**3 - 19*p**2 + 39*p - 15. What is n(-21)?
48
Let c(d) = -9*d**2 - 2*d + 9. What is c(-5)?
-206
Let p(v) = -v**2 - 19*v - 95. Determine p(-11).
-7
Let s(f) = -378*f + 8703. Calculate s(23).
9
Let n(y) = 2*y**2 + 111*y + 98. Determine n(-55).
43
Let i(w) = -w**3 + 33*w**2 + 54*w + 572. Give i(35).
12
Let r(u) = u**3 - 85*u**2 - 217*u + 11261. Determine r(86).
-5
Let g(s) = s**3 - 66*s**2 - 19*s - 4. Give g(0).
-4
Let o(d) = 108*d - 1300. What is o(12)?
-4
Let v(m) = -m**3 - 22*m**2 - 41*m - 118. Give v(-20).
-98
Let k(i) = 8*i**3 + 5*i**2 + 50*i + 46. What is k(-1)?
-7
Let w(v) = 215*v - 695. What is w(5)?
380
Let v(j) = 80*j + 368. Calculate v(-3).
128
Let g(s) = 3*s**3 + 20*s**2 + 169*s + 938. Give g(-6).
-4
Let k(a) = -172*a**2 - 211*a - 7. Determine k(-1).
32
Let l(s) = -91*s + 55. Give l(2).
-127
Let g(t) = t**3 + t**2 + t + 159. Determine g(0).
159
Let d(w) = w**2 + 86*w - 270. Give d(3).
-3
Let b(k) = -k**2 - 33*k + 451. Calculate b(-38).
261
Let n(d) = -d**2 - 112*d + 2495. Determine n(19).
6
Let f(v) = 17*v + 40. What is f(0)?
40
Let b(q) = -537*q + 105. Give b(1).
-432
Let v(c) = -c**3 - 12*c**2 + 29*c + 382. Determine v(-11).
-58
Let f(u) = -40*u - 728. Calculate f(-20).
72
Let r(f) = -153*f + 150. Determine r(1).
-3
Let h(y) = -3